re the prime factors of (-2 + (-16900)/3)*-21*4/28?
2, 79, 107
Let a be 4 - (0 + -18 + -4). Let i = a - 17. List the prime factors of 102/i*3 + 18/(-6).
31
Let i(o) = -o**2 + 6*o - 4. Let r be i(4). Let f = 61 - 56. Suppose r*l = n + 380, -f*l + 4*n = -2*l - 285. What are the prime factors of l?
5, 19
Let y(n) = -4*n**3 + n**2 + n - 1. Let q be y(2). List the prime factors of (-669)/q - 8/(-36).
5
Let q(p) = p**3 + 30*p**2 - 46*p + 13. Let u be q(-31). Suppose 3*s + 4*f - 1093 = 0, -f = 2*s - u - 249. What are the prime factors of s?
3, 11
Suppose -3*u + 2*h + 58 = 15, -3*u = -h - 38. Suppose -u = -2*x - 4*z + 15, -2*z = 3*x - 23. What are the prime factors of x?
5
Let h(x) = 4637*x - 12715. What are the prime factors of h(4)?
19, 307
Let h(p) = 3*p + 51. Let d be h(-16). Let y be (-6 + -36)*(-2)/d. What are the prime factors of (-1 - 1) + y/4*19?
131
Let s be 279*(-9)/7 + 2/(-7). Let d = 431 + s. What are the prime factors of d?
2, 3
Suppose 4*h + 935 = -3*n, -3*n - 3*h = -8*h + 917. Let y = n + 863. List the prime factors of y.
2, 277
Suppose -4*j - s = -31346, 9*j - 12*j = -4*s - 23538. What are the prime factors of j?
2, 3919
Suppose 0*n + 11 = -5*u + 2*n, 5*u - 7 = -4*n. Let h = u + 6. Suppose h*p + 585 = 10*p. List the prime factors of p.
3, 13
Suppose -4*h - 4*n = -4944, -3*h - 36*n + 3702 = -31*n. What are the prime factors of h?
3, 7, 59
Let y = 195 - -485. Suppose 0 = 2*h + 4*l - 1400, 0 = 7*h - 6*h - 2*l - y. List the prime factors of h.
2, 3, 5, 23
Let m(f) = -5*f - 34. Let h be m(-10). Suppose -28*d + h*d = -15*d. What are the prime factors of (d - -3)/(9/147)?
7
Let v = 62 - 59. Suppose 2*s - 8 = 0, v*s - 27 = 2*k - 7*k. Suppose -128 + 458 = k*o + 2*h, 0 = 3*h. List the prime factors of o.
2, 5, 11
List the prime factors of 42/(198/(-18) - -5 - (-10959)/1826).
2, 7, 11, 83
Let l be (-2)/7 + 111/21. Let r be (2/(-3) + 1)/(l/45). Suppose 0 = j + 2*j + 2*m - 485, 0 = -r*j + 4*m + 461. List the prime factors of j.
3, 53
What are the prime factors of -4 - (-8)/4 - (-6 + -3397)?
19, 179
Suppose 12 = 5*g + 2. Suppose -p = 4*p + 3*a - 15, -g*p + 2*a + 6 = 0. List the prime factors of (438/(-8))/(1/((-8)/p)).
2, 73
List the prime factors of -15*48/(-60) - 127792/(-2).
2, 13, 1229
What are the prime factors of ((-3800)/250)/((-1727)/575 + 3)?
2, 5, 19, 23
Let m = 2354 - 300. What are the prime factors of m?
2, 13, 79
Let p = 36793 - 18695. List the prime factors of p.
2, 9049
Suppose -v + g + 3512 + 5935 = 0, 4*v + 2*g = 37788. What are the prime factors of v?
3, 47, 67
Suppose -5*s + 5 = 5*b - 0, 5*b - 13 = 3*s. Suppose 551 = -b*x + 3*x. What are the prime factors of x?
19, 29
Let x = -40858 + 60808. List the prime factors of x.
2, 3, 5, 7, 19
Suppose 325 = -100*u + 19384 + 60741. What are the prime factors of u?
2, 3, 7, 19
Let q(j) = -3*j**2 - 29*j + 2. Let t be q(-12). Suppose -9*v + 2*v = 77. Let o = v - t. List the prime factors of o.
71
Suppose -21*y + 225263 = -191041. What are the prime factors of y?
2, 3, 7, 59
List the prime factors of 13690 + 281 - 5/(-1).
2, 1747
Suppose 0 = 14*f + 6*f - 48840. Suppose -23*q + 17*q = -f. List the prime factors of q.
11, 37
Suppose 0 = 3*t - 19 + 10. Suppose 0 = -6*a - 2*a + 544. Let x = a + t. What are the prime factors of x?
71
Let v be (-4 + 2)/(3/6). What are the prime factors of 6/9*(-594)/v?
3, 11
Let v(w) = -3*w + 611. What are the prime factors of v(-54)?
773
Let z = -23 - -19. Let n be (z/2)/(1 + -2). Suppose n*p - 2*j - 118 = j, 5*p + j - 278 = 0. List the prime factors of p.
2, 7
Let c(l) = 302*l - 227. Let i(v) = 101*v - 77. Let x(d) = 6*c(d) - 17*i(d). List the prime factors of x(9).
2, 401
Let x be (-718 + -5 + 3)/(6/(-16)). Suppose -x = -5*c - 5*d, -3*d - 700 = -3*c + 440. What are the prime factors of c?
2, 191
Suppose -11*r - 4*r + 67530 = 0. List the prime factors of r.
2, 2251
Let z(x) = 6*x**2 - 16*x - 40. Let j be z(-17). Suppose -4*n - 698 = -j. What are the prime factors of n?
317
Let q(f) = f**3 + 5*f**2 + 99*f + 117. List the prime factors of q(21).
2, 3, 11, 23
What are the prime factors of 2/9 + 26290024/1224?
47, 457
Suppose 3*v - 110339 = 3*w + 7684, -3*w + 118029 = 3*v. List the prime factors of v.
2, 3, 79, 83
Suppose -4*q - 6 = -6*q. Let m(f) = -f**2 + 5*f - 2. Let k be m(q). Suppose 383 = 2*a - x, -k*x + 980 = 5*a - 2*x. What are the prime factors of a?
2, 97
Let f(y) = 3*y**2 - 11*y + 3401. What are the prime factors of f(106)?
3, 11981
Let d(v) = 623*v**2 - 46*v + 57. What are the prime factors of d(4)?
13, 757
Let f(y) = y**3 + 6*y**2 - 2*y - 11. Let m be f(-6). List the prime factors of (2 - 7)*(m - (149 - -1)).
5, 149
What are the prime factors of (10893/(-15) + -3)*(-11 - -1 - 0)?
2, 1823
List the prime factors of (2/(-2))/(47 + -48) - -6036.
6037
Suppose -2*o + 67675 = -111933. List the prime factors of o.
2, 11, 13, 157
Let r(i) be the second derivative of -3*i**3/2 - 33*i**2/2 - 1756*i. Suppose 0 = -0*x + 3*x + 6, 4*l - x + 98 = 0. What are the prime factors of r(l)?
2, 3
Let q be (-4)/((-8)/78) - (18 + -23). What are the prime factors of (q - -11) + 4/4?
2, 7
Let x = 5824 + -1881. What are the prime factors of x?
3943
Let t = 1274 + -634. Let x = t - 201. List the prime factors of x.
439
Let o = 38358 + -25848. What are the prime factors of o?
2, 3, 5, 139
Suppose 4*l - 6*t = -2*t + 144, 0 = -4*t. Suppose -40*w + 12 = -l*w. Suppose -5*p + 1080 = 4*x, 4*p - 2*x - 823 = w*x. What are the prime factors of p?
2, 53
Suppose 0 = -2*c + 2*a + 32, 3*c + 47*a = 45*a + 43. Suppose -c*k = -5*k - 7030. What are the prime factors of k?
19, 37
Let p = 57 + -52. Suppose p*n = -10 - 10. List the prime factors of 1/(3*n/(-432)).
2, 3
Suppose -2*o = 2*o - 40. Suppose w - 2*y + o = -3*y, 0 = 3*w + 2*y + 30. List the prime factors of ((-8)/w)/(-3 + (-3235)/(-1075)).
2, 43
Let w(i) = -i**3 - 5*i**2 + 4*i + 17. Let t be w(-5). What are the prime factors of t/(-5) - 1 - (-2047)/5?
409
Let l = 48 - 21. Let x = l + -21. Suppose 298 = 3*z - 5*i, 4*i - i = -x. List the prime factors of z.
2, 3
Let m = -326 - -458. Let x = -41 + m. Let l = x - 43. List the prime factors of l.
2, 3
Let p(l) = -l**3 - 18*l**2 + 17*l - 30. Let x be p(-19). Let b(a) = -5*a**2 - 10*a - 11 - x + 13 - 3*a**3 + 4*a**3. What are the prime factors of b(7)?
2, 11
Suppose -p + 6*p = 0. Let g(d) = 4*d**3 - 2 + 11*d**2 + 4*d**3 + p - 6*d**3 + 5*d. What are the prime factors of g(-4)?
2, 13
Suppose 0 = -3*i - 27 + 246. Let o = 77 - i. Suppose 0 = 2*h - 5*m - 394, 0 = h - 3*h + o*m + 392. What are the prime factors of h?
2, 3
Let o = 35 - 19. Suppose -o - 22 = u. Let v = u + 56. List the prime factors of v.
2, 3
Suppose 2*j + 4 = -h, 4*j = 38 - 30. What are the prime factors of (-27390)/(-18) + 8 - h/6?
1531
Let n = 58557 - 26681. What are the prime factors of n?
2, 13, 613
Suppose -167*p = -164*p - 22479. Suppose -5*k + f + p = -722, -2*f - 10 = 0. List the prime factors of k.
2, 821
Let j = 2429 + -698. Let k = -6584 + 7753. Suppose -k = -10*m + j. List the prime factors of m.
2, 5, 29
Suppose 6*r + 207878 = 4*u + 19974, -u - 2*r + 46983 = 0. List the prime factors of u.
109, 431
Let b(x) = -x**3 + 14*x**2 + 16*x + 5. Let n be b(15). Suppose 0 = 4*a - n*a + 64. Suppose 4*r - 617 = -4*s + 51, 2*s + a*r = 336. List the prime factors of s.
2, 83
Let d be (-5 + (-172)/(-36))*-9. Suppose 416 = d*r + 2*r. What are the prime factors of r?
2, 13
Let w(j) = -2*j**3 + 16*j**2 - 6*j - 8. Let f = -51 - -57. Suppose 0 = 3*x - f - 12. What are the prime factors of w(x)?
2, 5
Suppose -3*p = -3*g + 66246, g - 5*p - 259 = 21811. List the prime factors of g.
5, 7, 631
Let n = 57352 + -13721. What are the prime factors of n?
7, 23, 271
Let n(v) = -65*v - 72. Let c be n(-1). Let z(w) be the first derivative of 8*w**3/3 + 17*w**2/2 + 20*w + 2. List the prime factors of z(c).
293
Let s(m) = -m**2 + 2*m + 3. Let r be s(-1). Suppose 3*g - 5*p - 200 = -r*g, -g - 2*p + 74 = 0. What are the prime factors of g?
2, 5, 7
Suppose -8*v = 9*v - 110737 - 41056. List the prime factors of v.
8929
Let r(i) = 210*i**3 + 16*i**2 - 26*i + 3. What are the prime factors of r(4)?
5, 2719
Let l be (-52)/20 - 6/15. Let s be (-14)/(l/(-39)*-1). Suppose -4*m = -0*m + 3*r - s, 5*m = 3*r + 241. What are the prime factors of m?
47
Suppose 0 = 3*f + 2*n -